-3)/(-18) - (-1596)/(-504). Let c(g) = -10*g**2 - 4*g - 16. What is c(y)?
-94
Let a(h) = 73*h + 1. Let r(u) = -1172*u - 16. Let w(v) = -16*a(v) - r(v). Suppose 7*s = 3*s + 8. What is w(s)?
8
Let k(x) = x**3 + 8*x**2 - 12*x + 2. Suppose -1028*d = -987*d - 164. Determine k(d).
146
Suppose -2*h + 25 + 4 = 5*n, 0 = -3*n + 15. Suppose 10 = -g + h*g. Suppose -4*c = 4*v - v + g, -3*c - v = 5. Let x(z) = 7*z**2 + z. Determine x(c).
6
Let w(k) = -2*k**2 - 28*k + 20. Suppose 255 = 14*f - 31*f. Give w(f).
-10
Let q(z) be the third derivative of z**5/60 + z**4/6 - z**3/6 - z**2. Let n(i) = i**2 - 7*i + 20. Let o be n(7). Suppose -o*p + 15*p - 15 = 0. Calculate q(p).
-4
Let s(u) be the first derivative of 4*u + 2/3*u**3 + u**2 + 1/4*u**4 + 67. Give s(-3).
-11
Let d(h) = 160*h**2 + 6 - 2 - 159*h**2 - 4 + 9 - 8*h. Let q = -11 + 21. Suppose -5*i - q = -4*w + 19, -3*i = 4*w - 21. Calculate d(w).
-3
Let g(d) be the second derivative of 1/20*d**5 - 27*d + 3 + 0*d**2 + 1/4*d**4 - 2/3*d**3. Determine g(-4).
0
Let j(x) be the third derivative of -1/6*x**4 + 1/2*x**3 - 26*x**2 + 0 + 0*x. Give j(6).
-21
Let l(v) = v**2 + 174*v - 1649. Let x be l(9). Let y(p) = -4*p - 12. Give y(x).
-4
Let z(n) = 228 + 227 - 6*n - 689 + 232. Give z(-3).
16
Let w(v) = v**3 + 17*v**2 - 18*v + 2. Let y be w(-18). Suppose -4*f + 23*a = 26*a + 13, 0 = -y*a + 2. Let i(s) = s**2 + 3*s + 5. What is i(f)?
9
Suppose 0 = 2*k - 5 + 1. Let g(v) = 2*v - k*v - 6222*v**2 - 4 + 6223*v**2. Let w be 5 + ((-4)/2)/1. What is g(w)?
5
Suppose -244*a + 267*a + 46 = 0. Let q(o) = -6*o + 12. Calculate q(a).
24
Let u(l) = 12*l**2 - 3*l + 3*l - 4*l + 340553 - 340554. What is u(2)?
39
Let t(u) = -u**2 - 24*u - 57. Let h be t(-3). Let r(q) = 4*q**3 + 3*q**2 + q + 7. Let p(w) = -3*w**3 - 2*w**2 - w - 6. Let k(o) = h*p(o) + 5*r(o). Give k(2).
25
Let g = 6614 - 6614. Let a(z) be the third derivative of 3/2*z**3 + 1/24*z**4 + 0 + g*z - z**2. Calculate a(-7).
2
Let g(a) be the first derivative of -a**3/3 - 6*a**2 - 5*a + 1355. Give g(-13).
-18
Suppose 6*s - 7*s + 3*d - 216 = 0, 5*d + 1140 = -5*s. Let t = s - -223. Let m(z) = 4*z + 2. Calculate m(t).
-6
Let y(r) = -r**3 - r**2 + 22. Suppose 4*f = -f - 4*m + 40, 0 = 5*m - 25. Let a = f - 4. Give y(a).
22
Let w(k) = -k - 15. Let p be (20/(-5))/4 + 0. Let d(i) = -45*i**3 + i**2 - i - 1. Let n be d(p). Suppose 0 = 2*m, 2*m - n + 18 = 4*l. Give w(l).
-8
Let p(z) = -7*z**2 + 37*z + 13. Let i(s) = 22*s**2 - 113*s - 42. Let m(q) = 3*i(q) + 10*p(q). Calculate m(7).
25
Let p(z) = 5*z - z**2 + 0 + 1 - z + z**3 - 2*z**3. Suppose 44*m = 14*m - 90. What is p(m)?
7
Let q = -1816 + 10901/6. Let a(b) be the third derivative of -25*b**2 + 0 + 0*b + 1/24*b**4 + q*b**3. What is a(-9)?
-4
Let q(v) = -v**2 - 45*v + 2358. Let y be q(31). Let d(m) be the first derivative of 4*m + 3 + 1/2*m**y. What is d(-4)?
0
Let v(j) = -2*j**2 + 2. Let s(r) = -r**2 - r + 3. Let w(g) = 3*s(g) - v(g). Let l be 1*(-48)/(2*-2). Suppose -3 = 3*m + l. Calculate w(m).
-3
Let c(u) be the first derivative of u**5/60 + 5*u**4/24 - 53*u**3/3 - 75. Let o(z) be the third derivative of c(z). What is o(-3)?
-1
Let u(d) = -3*d**3 - 16*d**2 - 16*d - 11. Let k(a) = 2*a**3 + 11*a**2 + 11*a + 7. Let x(r) = -8*k(r) - 5*u(r). Suppose -418 + 355 = 9*b. Calculate x(b).
6
Let d(g) be the second derivative of g**4/24 - 7*g**3/6 - 35*g**2 + g + 35. Let a(c) be the first derivative of d(c). What is a(11)?
4
Let b be -1 + -4 - (0 + 1). Let j(w) = -3*w - 80. Let x(a) = -a**2 - 49*a - 1054. Let m(g) = 13*j(g) - x(g). Determine m(b).
-10
Let w(i) = 158*i**2 + 17*i - 27. Let b(y) = 227*y**2 + 25*y - 38. Let r(d) = 7*b(d) - 10*w(d). Give r(-3).
70
Let u(l) = 8*l**3 - 16*l**2 - 8*l. Let z(s) = 19*s**3 - 34*s**2 - 17*s - 2. Let p(y) = 7*u(y) - 3*z(y). What is p(-10)?
56
Let k(x) be the first derivative of -2*x**3/3 - 14*x**2 + 94*x - 1401. Calculate k(3).
-8
Let i(z) = z**3 + 32*z**2 + z + 35. Let a be i(-32). Let d(r) = 0*r**3 - r**3 + a*r + 9 + 185*r**2 - 193*r**2 + 6. Give d(-8).
-9
Let b be 7 + -1 + 0/2. Suppose -b = -3*h + 12. Let z(t) be the first derivative of -5*t**2/2 + 7*t + 238746. Determine z(h).
-23
Let c(j) = -13 - 2276*j - 2284*j + 4555*j + 30. Determine c(-5).
42
Let k(t) = 7*t**3 + 35*t**2 + 142*t + 29. Let o(w) = 3*w**3 + 17*w**2 + 63*w + 14. Let y(h) = 4*k(h) - 9*o(h). Let z = 26 - 13. What is y(z)?
3
Let y be (4 - 13/3) + 238/3. Suppose -35*o + y + 166 = 0. Let g(z) = z**3 - 7*z**2 + 4. Calculate g(o).
4
Let l(k) = -8*k**2 - 3*k - 12. Let h(m) = -11*m + 176. Let z be h(16). Let c be l(z). Let v(y) = 3*y + 17. What is v(c)?
-19
Let b(l) = l**3 - l**2 + 6*l + 2. Let k be b(0). Suppose -3*f = f - 4*x - 32, 5 = f + k*x. Let q(c) = 2*c**2 - 10*c + 3. Give q(f).
31
Let t(i) = -575 - 556 + 1144 - i. Let k(b) = 3 - 5 - 7*b + 3 - b**2. Let j be k(-6). Determine t(j).
6
Let r(b) = b + 6. Suppose 2003 - 203 = 5*u. Let q = u + -364. Determine r(q).
2
Let c(y) = -y**3 - 8*y**2 - 21*y - 11. Let l be c(-3). Let z(t) = 5*t**2 + 1. Let v(d) = -4*d**2 - d - 3. Let x(o) = 6*v(o) + 5*z(o). Give x(l).
-6
Let l(t) be the third derivative of -17*t**2 - 1/6*t**3 - 1/120*t**6 + 0 - 1/10*t**5 + 0*t - 1/4*t**4. Calculate l(-5).
4
Let a(h) = 10875*h + 34 - 5435*h - 5430*h. Determine a(-4).
-6
Let r(p) = p**2 - 10*p + 5. Let j be r(10). Let f(v) = -5*v - 3*v + j*v - 1 + 0. What is f(-2)?
5
Let w(g) = -g**2 + g - 10. Let p be w(0). Let k be 4/(-5)*p/4. Let t(b) = -b**3 - 24103*b**2 + 2*b + 24102*b**2 + 2*b**3 - 3. Determine t(k).
5
Let q(a) = -a**3 + 18*a**2 - 44*a - 1. Let j(u) = u**2 + 11*u - 2. Let m(d) = 4*j(d) + q(d). Give m(22).
-9
Let j(f) = -f**3 + 9*f**2 - 13*f - 6. Let d = -5657 - -5662. Determine j(d).
29
Let v be ((-39)/(-9) - 4)/((-1)/(-57)). Suppose v - 31 = 3*g. Let i(x) = x**3 + 5*x**2 + x - 2. Calculate i(g).
10
Let s(f) = f**3 - 6*f**2 + 5*f + 2. Let b(p) = -2*p + 3 - 1 + 3 - 6. Let d be b(-3). Give s(d).
2
Let n = 29 + -21. Let a(k) be the third derivative of k**6/120 - 3*k**5/20 + 7*k**4/24 - 2*k**3/3 - k**2 + 2323*k. Determine a(n).
-12
Suppose -7*a + 15 = -2*a. Let w(y) = -19*y**3 - 1 - 2 + 18*y**a + 2*y**2 + 3*y. Let x = 296 + -294. What is w(x)?
3
Let l(m) be the third derivative of m**5/60 + m**4/24 - 3*m**3 - 12*m**2. Let f(x) = x**2 + 44*x + 43. Let b be f(-43). Give l(b).
-18
Let q(y) = -7*y**2 - y**3 + 7*y + 5*y**3 - 8 - 3*y**3. Let t be q(6). Let b(n) be the second derivative of n**3/3 + n**2/2 - 6920*n. Determine b(t).
-3
Let z = 11 - 3. Let c(i) = 3*i**3 + 6*i**2 - 2*i - 20. Let h(k) = -23*k**3 - 41*k**2 + 15*k + 155. Let g(n) = 15*c(n) + 2*h(n). Give g(z).
10
Let n(g) be the first derivative of -g**4/4 - 5*g**3/3 + g**2/2 + 6*g - 610. Give n(-5).
1
Let x be 8/6 - (1120/24)/5. Let o(q) = 3*q + 5. Let t(r) = -4*r - 4. Let c(b) = -3*o(b) - 2*t(b). Determine c(x).
1
Let g(v) = 2*v - 16. Suppose 51*o = 28*o. Suppose 23*t - 144 - 132 = o. Determine g(t).
8
Let q(g) = -261*g + 9. Let w(j) = -103*j + 5. Let m(c) = 2*q(c) - 5*w(c). Calculate m(-2).
7
Suppose 0 = -16*u + 12*u + 12. Suppose -331 = -x - 2*n, 2*n + n - 987 = -u*x. Let c(s) = 2*s + 333 + x - 663. What is c(-4)?
-11
Let m(a) = -1851*a - 3712. Let k be m(-2). Let l(o) = o**3 + 9*o**2 - 13*o - 17. Give l(k).
13
Let o be 25*(63/10)/(5/10). Let n = 325 - o. Let m(s) = s - 16. Let h(c) = -1. Let r(f) = 5*h(f) - m(f). Give r(n).
1
Let u(b) = b**2. Let w be -2*(0 + (-2)/4). Let z = 2703 + -2709. Let q(i) = 5*i**2 - 6*i + 6. Let f(c) = w*q(c) + z*u(c). What is f(-6)?
6
Let r(d) = 2*d**2 + 53*d + 342. Let y be r(-12). Let l(a) = -4*a - 16. Let h(w) = -4*w - 17. Let u(f) = 3*h(f) - 2*l(f). Calculate u(y).
5
Let c = -1827 + 1835. Let r(q) = 8*q + 5 + q**2 - 2*q**2 - 2 + 1. Give r(c).
4
Let u(z) = -z**3 + 9*z**2 - 3*z + 29. Let y be u(9). Let i(q) = -2*q**y + 6*q**2 - 4 - 7*q**2 - 9*q + 2 + 4*q**2. Calculate i(9).
-2
Suppose -f = -3*j, 8*j - 4*j - 2 = f. Let n(g) = 2*g**2 - 7*g - 10. Determine n(f).
20
Let h = -6851 + 6854. Let o(x) = 50*x - 15. Calculate o(h).
135
Let z(f) be the second derivative of f**6/720 - f**5/60 + 17*f**4/12 + 13*f. Let k(s) be the third derivative of z(s). Determine k(7).
5
Suppose 2*p - 5*s = 11, -1736*p - 15 = -1733*p + 3*s. Let f(a) be the second derivative of a**4/12 + 2*a**3/3 + a**2 - a. Calculate f(p).
-2
Suppose 255*z - 254*z + 159 = 0. Let c